ase 5, what is 10444 + -22?
10422
In base 3, what is -2122102 - 1?
-2122110
In base 10, what is 318 + -28?
290
In base 14, what is -a - -b6?
aa
In base 11, what is 84 + -29?
56
In base 14, what is 7b + -2?
79
In base 16, what is -1 + -50?
-51
In base 13, what is -a40 + -6?
-a46
In base 7, what is -4 - 12?
-16
In base 5, what is 4 - 22?
-13
In base 4, what is -3 + -300?
-303
In base 9, what is -51 + -1?
-52
In base 3, what is 11 + -222?
-211
In base 16, what is -93 - 15?
-a8
In base 6, what is -4 + 2324?
2320
In base 10, what is -3 + 191?
188
In base 15, what is -3 - -183?
180
In base 8, what is -55 + -6?
-63
In base 7, what is -5 + 2241?
2233
In base 14, what is cc0 + -3?
cbb
In base 14, what is -39 + 9?
-30
In base 10, what is -344 - -2?
-342
In base 7, what is 1206 + 0?
1206
In base 14, what is -12 + -1?
-13
In base 14, what is 2 + -2bc?
-2ba
In base 13, what is 4 + -8b?
-87
In base 16, what is -2b42 - 2?
-2b44
In base 3, what is -2201 - -10110?
202
In base 15, what is 1544 + 5?
1549
In base 6, what is -5 - 1023?
-1032
In base 14, what is 2a - -43?
6d
In base 10, what is 42 - -2?
44
In base 15, what is 58 + 6?
5e
In base 4, what is 3 - -1121010?
1121013
In base 13, what is 3193 - 0?
3193
In base 6, what is -41 - -41?
0
In base 12, what is 2b - -2a?
59
In base 15, what is 10 + 56?
66
In base 16, what is 1e + 8f?
ad
In base 4, what is -2 + 1112?
1110
In base 9, what is -8 + 1045?
1036
In base 6, what is -2004 - 2?
-2010
In base 16, what is 5 + -22?
-1d
In base 4, what is -2033 + 1?
-2032
In base 4, what is -10 + -2332?
-3002
In base 5, what is -231 + -433?
-1214
In base 10, what is 4 - -57?
61
In base 15, what is 43b - 1?
43a
In base 8, what is -5 + -3374?
-3401
In base 6, what is -505 + 3?
-502
In base 2, what is 10110000011000 + -100?
10110000010100
In base 13, what is 1 - 87?
-86
In base 9, what is 0 + -2154?
-2154
In base 16, what is -a + 23?
19
In base 14, what is 62 + -2?
60
In base 10, what is -129 + 6?
-123
In base 5, what is 4 + -211?
-202
In base 14, what is 1 + -182?
-181
In base 4, what is -10121320 - 0?
-10121320
In base 10, what is 7057 - 0?
7057
In base 3, what is 0 - 1120010?
-1120010
In base 4, what is 13132 - -22?
13220
In base 2, what is 100 - 1110011?
-1101111
In base 16, what is 1 + -3c?
-3b
In base 5, what is 10224 + 4?
10233
In base 16, what is -18 + 2?
-16
In base 14, what is -42 - -3?
-3d
In base 13, what is 4 - 25a?
-256
In base 14, what is 212 + -14?
1dc
In base 16, what is 5 + 37?
3c
In base 2, what is -10111010010111 + 11?
-10111010010100
In base 4, what is 21122 - 11?
21111
In base 5, what is -4 + -1003?
-1012
In base 3, what is 12110 + -1211?
10122
In base 9, what is 2 - 2532?
-2530
In base 6, what is -11 - -13?
2
In base 2, what is -111101010010 - 1000?
-111101011010
In base 16, what is 9490 + 3?
9493
In base 12, what is 251 - -3?
254
In base 12, what is 36b6 + 3?
36b9
In base 7, what is -604 - -136?
-435
In base 10, what is -11 + 3?
-8
In base 16, what is 3 - 3fc?
-3f9
In base 12, what is -697 - -5?
-692
In base 15, what is -8 - -11?
8
In base 4, what is -1310 + -11?
-1321
In base 11, what is 53 - 39?
15
In base 10, what is 805 + -5?
800
In base 7, what is 16 + 65?
114
In base 3, what is 110 - 1112112?
-1112002
In base 10, what is 2 + -67?
-65
In base 12, what is -b - 7?
-16
In base 13, what is 16 - 3b?
-25
In base 5, what is 4220 - -3?
4223
In base 13, what is 4 - 7b5?
-7b1
In base 12, what is -1 + -2b4?
-2b5
In base 13, what is -3 + -29?
-2c
In base 12, what is -b + -98?
-a7
In base 16, what is af - -4?
b3
In base 16, what is 3 - 137?
-134
In base 9, what is -3685 + 2?
-3683
In base 12, what is -61 + -1a5?
-246
In base 13, what is -116 - 1c?
-135
In base 5, what is 11 + 14342?
14403
In base 3, what is 1022111 - 12?
1022022
In base 10, what is -133 + 61?
-72
In base 11, what is -10 - a4?
-104
In base 4, what is 120 - -1?
121
In base 6, what is 21 + -200?
-135
In base 15, what is 3 - -a6?
a9
In base 14, what is 3 - -2d?
32
In base 10, what is 38 - 0?
38
In base 9, what is -22 + 17?
-4
In base 6, what is -43552 + 3?
-43545
In base 3, what is -102111 + 20?
-102021
In base 11, what is -1 + 30?
2a
In base 10, what is 154 - -5?
159
In base 10, what is 1 + 67?
68
In base 2, what is 10 - -100100?
100110
In base 12, what is -5 - 41?
-46
In base 7, what is 2200 + 1?
2201
In base 10, what is -70 + -256?
-326
In base 7, what is 2211 - 1?
2210
In base 3, what is -10102 + 1?
-10101
In base 12, what is -138 + 1?
-137
In base 15, what is -ad2 - -4?
-acd
In base 2, what is -110000110 + -101?
-110001011
In base 6, what is -1 - -135?
134
In base 13, what is 6c - -1?
70
In base 11, what is -6 + 6a?
64
In base 13, what is 19 - 3?
16
In base 14, what is -27 + -1a?
-43
In base 2, what is 1 - -1000000001?
1000000010
In base 7, what is -154 + -5?
-162
In base 14, what is -2 + 134?
132
In base 13, what is -7 + -347?
-351
In base 16, what is -ee - 2?
-f0
In base 7, what is 116 - -2?
121
In base 12, what is -4a - 4?
-52
In base 8, what is -11 - 40?
-51
In base 14, what is -11 + -12?
-23
In base 9, what is -67 + -4?
-72
In base 6, what is 3 - 13345?
-13342
In base 10, what is -7627 - -4?
-7623
In base 6, what is 112 + 4?
120
In base 16, what is 3 + -3?
0
In base 6, what is 114041 + -5?
114032
In base 15, what is 9e + -1?
9d
In base 9, what is 2 + -41?
-38
In base 3, what is -110 + -10?
-120
In base 2, what is -111 - 10000101?
-10001100
In base 15, what is 153 - 5?
14d
In base 4, what is 101 - 0?
101
In base 5, what is 32011 - 0?
32011
In base 2, what is 10010100 + -100?
10010000
In base 13, what is 68 + 10?
78
In base 2, what is -1000111 - 100?
-1001011
In base 13, what is 0 - 51a?
-51a
In base 15, what is -1 + 1000?
eee
In base 13, what is -273 - -5?
-26b
In base 8, what is 521 + 7?
530
In base 4, what is 10 - 2221?
-2211
In base 10, what is -5 - 122?
-127
In base 2, what is 110001 - -11?
110100
In base 2, what is 1101000010 - -10?
1101000100
In base 15, what is -16 + -6b?
-82
In base 12, what is -3 - 40?
-43
In base 10, what is 77 + -4?
73
In base 8, what is -7 + 7?
0
In base 9, what is -4 + -580?
-584
In base 12, what is 1 + 440?
441
In base 5, what is -11 + 20222?
20211
In base 12, what is -a8 + 0?
-a8
In base 15, what is 15 + 10?
25
In base 14, what is -7 + 333?
32a
In base 4, what is 103 + 12330?
13033
In base 8, what is -2106 - 5?
-2113
In base 5, what is 10 - 240?
-230
In base 5, what is -32 + 33?
1
In base 7, what is -11636 - -5?
-11631
In base 10, what is 5 - -86?
91
In base 12, what is -150 - -1?
-14b
In base 5, what is -2234 + -1?
-2240
In base 10, what is -5 + -11?
-16
In base 16, what is -56f + -2?
-571
In base 2, what is -1111 - 111?
-10110
In base 5, what is -10 - -2023?
2013
In base 6, what is 210 + 3?
213
In base 3, what is 1001 + 10210?
11211
In base 15, what is -4 + 1b2?
1ad
In base 12, what is 2 + -508?
-506
In base 2, what is -101001010 - 10?
-101001100
In base 2, what is -11000 - 100101111?
-101000111
In base 9, what is 5003 + -1?
5002
In base 15, what is -2c - -ed?
c1
In base 12, what is a793 - 2?
a791
In base 14, what is 5 - -39?
40
In base 13, what is -3 + 77b?
778
In base 4, what is 120 + 12?
132
In base 2, what is 0 + -10100001?
-10100001
In base 12, what is -76 + 3?
-73
In base 14, what is -b4 + -3?
-b7
In base 6, what is 304 - 22?
242
In base 14, what is 7 + -429?
-422
In base 15, what is -d - -c7?
b9
In base 9, what is -37 + 6?
-31
In base 7, what is -153 + -3?
-156
In base 10, what is -534 + -9?
-543
In base 10, what is -158 - 8?
-166
In base 13, what is -6b + -3?
-71
In base 10, what is 2 - 160?
-158
In base 10, what is 46 + 12?
58
In base 6, what is -501 - -4?
-453
In base 9, what is -7438 + 5?
-7433
In base 6, what is 1451 - 5?
1442
In base 2, what is 11 + 110010?
110101
In base 2, what is -100 - -101111001111?
101111001011
In base 13, what is -3b + -11?
-4c
In base 3, what is -11 - 221?
-1002
In base 14, what is -1ac + 2?
-1aa
In base 5, what is 2 + -343?
-341
In base 13, what is 4 + 527?
52b
In base 8, what is 3727 - -2?
3731
In base 13, what is 61 + 4?
65
In base 16, what is -3 - 56?
-59
In base 2, what is -100 - 111101?
-1000001
In base 4, what is -3 - -13?
10
In base 12, what is -59 + -40?
-99
In base 9, what is -40 + 140?
100
In base 10, what is -8 + -6?
-14
In base 16, what is 4 - -55?
59
In 